{"id":78,"date":"2024-06-19T14:00:07","date_gmt":"2024-06-19T12:00:07","guid":{"rendered":"https:\/\/aupasducheval.fr\/?page_id=78"},"modified":"2025-09-11T15:12:40","modified_gmt":"2025-09-11T13:12:40","slug":"les-tarifs","status":"publish","type":"page","link":"https:\/\/aupasducheval.fr\/?page_id=78","title":{"rendered":"Les tarifs"},"content":{"rendered":"\t\t<div data-elementor-type=\"wp-page\" data-elementor-id=\"78\" class=\"elementor elementor-78\">\n\t\t\t\t<div class=\"elementor-element elementor-element-c99b729 e-flex e-con-boxed e-con e-parent\" data-id=\"c99b729\" data-element_type=\"container\">\n\t\t\t\t\t<div class=\"e-con-inner\">\n\t\t\t\t<div class=\"elementor-element elementor-element-9771e6b elementor-widget elementor-widget-image\" data-id=\"9771e6b\" data-element_type=\"widget\" data-widget_type=\"image.default\">\n\t\t\t\t<div class=\"elementor-widget-container\">\n\t\t\t<style>\/*! elementor - v3.21.0 - 26-05-2024 *\/\n.elementor-widget-image{text-align:center}.elementor-widget-image a{display:inline-block}.elementor-widget-image a img[src$=\".svg\"]{width:48px}.elementor-widget-image img{vertical-align:middle;display:inline-block}<\/style>\t\t\t\t\t\t\t\t\t\t<img fetchpriority=\"high\" decoding=\"async\" width=\"2560\" height=\"1920\" src=\"https:\/\/aupasducheval.fr\/wp-content\/uploads\/2024\/06\/IMG_24291-scaled.jpg\" class=\"attachment-full size-full wp-image-89\" alt=\"\" srcset=\"https:\/\/aupasducheval.fr\/wp-content\/uploads\/2024\/06\/IMG_24291-scaled.jpg 2560w, https:\/\/aupasducheval.fr\/wp-content\/uploads\/2024\/06\/IMG_24291-300x225.jpg 300w, https:\/\/aupasducheval.fr\/wp-content\/uploads\/2024\/06\/IMG_24291-1024x768.jpg 1024w, https:\/\/aupasducheval.fr\/wp-content\/uploads\/2024\/06\/IMG_24291-768x576.jpg 768w, https:\/\/aupasducheval.fr\/wp-content\/uploads\/2024\/06\/IMG_24291-1536x1152.jpg 1536w, https:\/\/aupasducheval.fr\/wp-content\/uploads\/2024\/06\/IMG_24291-2048x1536.jpg 2048w, https:\/\/aupasducheval.fr\/wp-content\/uploads\/2024\/06\/IMG_24291-1170x878.jpg 1170w\" sizes=\"(max-width: 2560px) 100vw, 2560px\" \/>\t\t\t\t\t\t\t\t\t\t\t\t\t<\/div>\n\t\t\t\t<\/div>\n\t\t\t\t<div class=\"elementor-element elementor-element-18d4464 elementor-widget elementor-widget-text-editor\" data-id=\"18d4464\" data-element_type=\"widget\" data-widget_type=\"text-editor.default\">\n\t\t\t\t<div class=\"elementor-widget-container\">\n\t\t\t<style>\/*! elementor - v3.21.0 - 26-05-2024 *\/\n.elementor-widget-text-editor.elementor-drop-cap-view-stacked .elementor-drop-cap{background-color:#69727d;color:#fff}.elementor-widget-text-editor.elementor-drop-cap-view-framed .elementor-drop-cap{color:#69727d;border:3px solid;background-color:transparent}.elementor-widget-text-editor:not(.elementor-drop-cap-view-default) .elementor-drop-cap{margin-top:8px}.elementor-widget-text-editor:not(.elementor-drop-cap-view-default) .elementor-drop-cap-letter{width:1em;height:1em}.elementor-widget-text-editor .elementor-drop-cap{float:left;text-align:center;line-height:1;font-size:50px}.elementor-widget-text-editor .elementor-drop-cap-letter{display:inline-block}<\/style>\t\t\t\t<ul>\n<li>25<b>\u20ac\/h <\/b><i>(tarif d\u00e9gressif en fonction du nombre d&rsquo;heure d&rsquo;accompagnement)<\/i><b>&nbsp;pour l&rsquo;accompagnement en balade\/randonn\u00e9e <\/b><br><em>(peut \u00eatre variable suivant la prestation demand\u00e9e)<br><\/em>\n<p><\/p>\n<\/li>\n<li>5<b>\u20ac\/km pour le rep\u00e9rage d&rsquo;itin\u00e9raire<br><\/b><em>(rep\u00e9rage \u00e0 pied des sentiers, entretien du chemin, trace gpx et trace sur une carte, roadbook en suppl\u00e9ment)<br><\/em>\n<p><\/p>\n<\/li>\n<li>7<b>\u20ac\/km pour la cr\u00e9ation puis le rep\u00e9rage de l&rsquo;itin\u00e9raire<br><\/b>(rep\u00e9rage \u00e0 pied des sentiers, entretien du chemin, trace gpx et trace sur une carte, roadbook en suppl\u00e9ment)<br><b><br><\/b><\/li>\n<li>20<b>\u20ac\/h animation de cours collectifs jusqu&rsquo;au galop 4 ou cours de travail \u00e0 pied savoir 1 &amp; 2 <\/b><em>(sous la tutelle d&rsquo;un BPJEPS)<br><\/em>\n<p><\/p>\n<\/li>\n<li>25<b>\u20ac\/h cours particulier travail \u00e0 pied savoir 1 &amp; 2<\/b><\/li>\n<\/ul>\t\t\t\t\t\t<\/div>\n\t\t\t\t<\/div>\n\t\t\t\t\t<\/div>\n\t\t\t\t<\/div>\n\t\t<div class=\"elementor-element elementor-element-ece8f3d e-flex e-con-boxed e-con e-parent\" data-id=\"ece8f3d\" data-element_type=\"container\">\n\t\t\t\t\t<div class=\"e-con-inner\">\n\t\t\t\t<div class=\"elementor-element elementor-element-af07bfb elementor-widget elementor-widget-text-editor\" data-id=\"af07bfb\" data-element_type=\"widget\" data-widget_type=\"text-editor.default\">\n\t\t\t\t<div class=\"elementor-widget-container\">\n\t\t\t\t\t\t\t<p>Nous contacter pour plus de renseignements.<\/p>\t\t\t\t\t\t<\/div>\n\t\t\t\t<\/div>\n\t\t\t\t\t<\/div>\n\t\t\t\t<\/div>\n\t\t\t\t<\/div>\n\t\t","protected":false},"excerpt":{"rendered":"<p>25\u20ac\/h (tarif d\u00e9gressif en fonction du nombre d&rsquo;heure d&rsquo;accompagnement)&nbsp;pour l&rsquo;accompagnement en balade\/randonn\u00e9e (peut \u00eatre variable suivant la prestation demand\u00e9e) 5\u20ac\/km pour le rep\u00e9rage d&rsquo;itin\u00e9raire(rep\u00e9rage \u00e0 pied des sentiers, entretien du chemin, trace gpx et trace sur une carte, roadbook en suppl\u00e9ment) 7\u20ac\/km pour la cr\u00e9ation puis le rep\u00e9rage de l&rsquo;itin\u00e9raire(rep\u00e9rage \u00e0 pied des sentiers, entretien [&hellip;]<\/p>\n","protected":false},"author":1,"featured_media":0,"parent":0,"menu_order":0,"comment_status":"closed","ping_status":"closed","template":"","meta":{"footnotes":""},"class_list":["post-78","page","type-page","status-publish","hentry"],"_links":{"self":[{"href":"https:\/\/aupasducheval.fr\/index.php?rest_route=\/wp\/v2\/pages\/78","targetHints":{"allow":["GET"]}}],"collection":[{"href":"https:\/\/aupasducheval.fr\/index.php?rest_route=\/wp\/v2\/pages"}],"about":[{"href":"https:\/\/aupasducheval.fr\/index.php?rest_route=\/wp\/v2\/types\/page"}],"author":[{"embeddable":true,"href":"https:\/\/aupasducheval.fr\/index.php?rest_route=\/wp\/v2\/users\/1"}],"replies":[{"embeddable":true,"href":"https:\/\/aupasducheval.fr\/index.php?rest_route=%2Fwp%2Fv2%2Fcomments&post=78"}],"version-history":[{"count":19,"href":"https:\/\/aupasducheval.fr\/index.php?rest_route=\/wp\/v2\/pages\/78\/revisions"}],"predecessor-version":[{"id":233,"href":"https:\/\/aupasducheval.fr\/index.php?rest_route=\/wp\/v2\/pages\/78\/revisions\/233"}],"wp:attachment":[{"href":"https:\/\/aupasducheval.fr\/index.php?rest_route=%2Fwp%2Fv2%2Fmedia&parent=78"}],"curies":[{"name":"wp","href":"https:\/\/api.w.org\/{rel}","templated":true}]}}